et h(a) = 34*a + 2503. What is h(-74)?
-13
Let a(z) = 142*z**2 - 420*z - 6. What is a(3)?
12
Let o(x) = 41*x - 255. Determine o(10).
155
Let c(l) = -22*l - 1265. What is c(-58)?
11
Let u(s) = -s**2 - 61*s - 541. Determine u(-9).
-73
Let g(r) = -r**3 + 64*r**2 - 11*r + 644. What is g(64)?
-60
Let h(s) = s**3 - 10*s**2 + 17*s - 155. Calculate h(10).
15
Let r(o) = -2*o**3 + 10*o**2 - 20*o + 30. Calculate r(4).
-18
Let w(f) = f**2 + 161*f - 796. Give w(5).
34
Let a(o) = -65*o**2 - 14*o - 13. Calculate a(-1).
-64
Let f(n) = -n**3 - 2*n**2 + 20*n + 52. Calculate f(-5).
27
Let t(b) = -b**3 + 19*b**2 - 61*b + 14. What is t(4)?
10
Let b(d) = -d**2 - 158*d + 1294. Calculate b(8).
-34
Let j(v) = -3*v**3 + 35*v**2 - 16*v - 37. Give j(11).
29
Let x(i) = -975*i + 18528. Determine x(19).
3
Let r(m) = 260*m + 5207. Calculate r(-20).
7
Let k(m) = m**2 - 102*m + 1072. Give k(91).
71
Let m(i) = -25*i + 144. Give m(7).
-31
Let d(b) = b**3 - 7*b**2 - 11*b - 18. Determine d(8).
-42
Let u(n) = n**2 + 71*n - 383. What is u(5)?
-3
Let z(c) = -1018*c - 22376. Give z(-22).
20
Let q(f) = -1320*f - 7903. Calculate q(-6).
17
Let t(q) = -3*q**2 - 41*q - 24. Calculate t(-19).
-328
Let g(l) = 408*l - 393. Give g(1).
15
Let z(c) = 843*c - 14287. Determine z(17).
44
Let j(v) = -v**3 + 25*v**2 - 151*v - 21. Give j(11).
12
Let y(f) = 93*f - 131. What is y(2)?
55
Let j(i) = i**2 - 105*i + 2719. Calculate j(56).
-25
Let o(b) = b**2 + 134*b + 1995. Calculate o(-17).
6
Let u(d) = 3*d**2 - 136*d - 122. Calculate u(51).
745
Let u(y) = -454*y + 28618. Determine u(63).
16
Let c(m) = m**3 + 46*m**2 + 353*m - 3469. Calculate c(-31).
3
Let p(h) = -h**2 - 68*h - 658. What is p(-12)?
14
Let g(t) = 27*t + 54. Give g(-5).
-81
Let d(o) = -4*o**3 + 6*o**2 + 8*o + 2. Give d(-2).
42
Let z(v) = -v**3 - 213*v**2 - 1252*v - 2056. Calculate z(-207).
14
Let w(c) = -305*c + 7316. Calculate w(24).
-4
Let a(g) = 780*g - 4806. What is a(6)?
-126
Let s(x) = -x**3 - 6*x**2 - 12*x - 64. Determine s(-6).
8
Let d(x) = 2*x**2 - 305*x - 2869. Give d(-9).
38
Let r(w) = w**3 - 20*w**2 + 19*w - 49. Give r(19).
-49
Let j(p) = 2*p**3 - 59*p**2 - 842*p + 61. Determine j(40).
-19
Let h(y) = -86*y**3 + 2*y**2 - 2*y. Calculate h(1).
-86
Let a(p) = 11*p**2 - 35*p - 5. What is a(-4)?
311
Let d(q) = -2*q**3 - 170*q**2 + 50*q + 4262. Determine d(-85).
12
Let w(g) = 153*g - 544. Determine w(2).
-238
Let i(p) = 2*p**2 + 257*p + 386. Give i(-127).
5
Let w(f) = f**3 - 26*f**2 - 662*f - 403. Calculate w(42).
17
Let s(n) = -5*n**3 - 4*n**2 + 6*n + 10. Determine s(-4).
242
Let k(w) = 15*w + 82. Give k(-5).
7
Let t(a) = 134*a + 239. Determine t(-3).
-163
Let q(g) = -68*g - 210. Calculate q(-3).
-6
Let j(t) = 452*t - 1367. Calculate j(3).
-11
Let y(a) = -63*a - 6307. Give y(-100).
-7
Let q(t) = t**3 + 14*t**2 - 24*t + 45. Give q(-14).
381
Let a(b) = -239*b - 248. Calculate a(-1).
-9
Let c(z) = -z**3 - 6*z**2 - 4*z - 23. What is c(-6)?
1
Let a(k) = 99*k - 1291. What is a(13)?
-4
Let q(h) = 20*h**2 - 514*h + 2288. Determine q(20).
8
Let s(g) = 2*g**2 + 50*g + 102. What is s(-24)?
54
Let j(h) = 20*h**3 + 7*h**2 - 19*h - 2. Give j(2).
148
Let v(l) = 4*l**3 + 3*l**2 - 60*l - 118. Give v(-2).
-18
Let z(a) = 2*a**2 + 13*a - 36. Determine z(-13).
133
Let m(o) = -o**3 + 6*o**2 + 33*o - 238. Determine m(6).
-40
Let i(f) = 18*f**2 + 12*f - 11. Calculate i(4).
325
Let c(y) = 2*y**3 - 42*y**2 + 33*y + 127. Calculate c(20).
-13
Let r(u) = -61*u - 2340. Calculate r(-38).
-22
Let a(o) = o**3 + 6*o**2 - 52*o - 264. What is a(-8)?
24
Let k(w) = w**3 - 21*w**2 + 115*w - 47. Determine k(10).
3
Let t(g) = -676*g + 5405. Calculate t(8).
-3
Let p(j) = -936*j + 1860. Give p(2).
-12
Let y(x) = -10*x**3 - 160*x**2 - 3*x - 63. Calculate y(-16).
-15
Let t(f) = 3*f**2 + 502*f + 161. What is t(-167)?
-6
Let a(n) = 5*n**3 - 7*n**2 - 33*n + 7. What is a(0)?
7
Let j(b) = 6*b**3 - 5*b**2 - 71*b - 132. Give j(-2).
-58
Let q(x) = -4*x**3 - 5*x**2 + 8*x + 5. Give q(2).
-31
Let v(m) = m**3 - 179*m**2 - 362*m - 11. What is v(181)?
-11
Let g(m) = -m**3 + 19*m**2 - 63*m + 18. Determine g(15).
-27
Let w(y) = -292*y + 7884. Calculate w(27).
0
Let h(r) = r**3 + 3*r**2 - 6. Determine h(-6).
-114
Let w(x) = 429*x + 1666. Determine w(-3).
379
Let b(c) = -12*c**2 + 183*c - 45. Give b(15).
0
Let s(i) = 69*i**2 + 8*i + 1. What is s(-1)?
62
Let o(w) = 26*w - 18. Give o(-1).
-44
Let j(z) = 40*z - 6. Determine j(-3).
-126
Let j(l) = -16*l + 469. Calculate j(29).
5
Let w(f) = f**3 + 8*f**2 - 6*f + 56. What is w(-9)?
29
Let x(j) = 115*j + 1050. Give x(-11).
-215
Let a(f) = 2*f**2 + 86*f + 600. Determine a(-34).
-12
Let x(k) = -478*k - 3355. Determine x(-7).
-9
Let q(g) = g - 87. Give q(66).
-21
Let j(w) = 48*w - 8. Give j(-4).
-200
Let c(l) = 6523*l - 150031. Determine c(23).
-2
Let l(a) = -a**2 + 9*a + 105. Calculate l(13).
53
Let d(v) = 3*v**2 + 543*v + 114. What is d(-181)?
114
Let y(d) = -3*d**3 + 30*d**2 + 9*d + 4. Determine y(11).
-260
Let i(s) = 2*s**2 + 27*s + 24. What is i(-14)?
38
Let v(p) = -24*p**2 - 1938*p - 1436. What is v(-80)?
4
Let p(z) = -z - 58. Calculate p(-86).
28
Let m(n) = -13*n + 45. Determine m(9).
-72
Let g(c) = 5*c**2 - 93*c + 264. Determine g(15).
-6
Let t(i) = -26*i**2 - 482*i - 1509. Calculate t(-4).
3
Let p(x) = -3*x**2 + 35*x - 139. What is p(4)?
-47
Let z(t) = -t**2 + 3*t + 97. Give z(11).
9
Let z(u) = 3*u - 299. Give z(12).
-263
Let l(m) = 4*m**2 + 322*m - 2630. Determine l(-88).
10
Let g(s) = 62*s - 9122. Calculate g(147).
-8
Let s(j) = -1042*j - 1035. Give s(-1).
7
Let u(f) = -9*f**2 + 125*f + 23. Determine u(14).
9
Let r(l) = l**2 + 11*l - 41. Determine r(-13).
-15
Let l(u) = -7*u - 25. Determine l(-54).
353
Let m(h) = 5*h**3 - 160*h**2 + 3*h - 91. What is m(32)?
5
Let j(u) = 2*u**3 + 10*u**2 - 468*u + 23. Calculate j(13).
23
Let f(s) = -s**2 + 117*s + 6893. Give f(160).
13
Let q(p) = -2*p**2 - 3*p + 29. Determine q(0).
29
Let s(b) = 3*b**2 - 106*b - 458. Give s(39).
-29
Let l(r) = 8*r - 164. Determine l(28).
60
Let d(c) = c**3 - 160*c**2 + 1778*c - 299. What is d(148)?
-3
Let f(h) = 7*h**2 + h - 4. Give f(5).
176
Let p(t) = 5*t**2 - 18*t - 257. What is p(-6)?
31
Let j(b) = -2*b**3 + 3*b**2 + b + 43. Determine j(0).
43
Let b(g) = -6*g - 687. Determine b(-29).
-513
Let c(i) = 2*i**2 + 20*i - 76. Calculate c(6).
116
Let a(n) = -17*n**3 + 9*n + 10. Give a(-2).
128
Let u(p) = p**3 - 5*p**2 - 149*p - 43. Determine u(15).
-28
Let c(z) = -4*z**3 + z**2 - 2. Give c(2).
-30
Let y(n) = -n**3 - 3*n**2 + 40*n - 113. Determine y(0).
-113
Let w(a) = -3*a**2 - 12*a + 41. Give w(-8).
-55
Let y(l) = 2*l - 89. Give y(16).
-57
Let m(f) = f**2 + 51*f + 200. Give m(-45).
-70
Let i(j) = 2*j**3 + 86*j**2 + 5*j + 89. Determine i(-43).
-126
Let w(k) = -k - 22. Determine w(-28).
6
Let a(s) = s**3 - 17*s**2 + 9*s + 13. What is a(4)?
-159
Let d(f) = f**3 - 16*f**2 + 28*f - 214. Give d(15).
-19
Let f(h) = -28*h**2 + 4*h + 1. What is f(1)?
-23
Let o(c) = c**3 - 3*c**2 + 147*c - 290. What is o(2)?
0
Let r(q) = -837*q + 1662. Calculate r(2).
-12
Let r(a) = a**3 + 21*a**2 - 15*a - 44. Give r(-22).
-198
Let t(s) = 6744*s**2 + 20229*s - 9. What is t(-3)?
0
Let o(d) = -10*d**2 + 59*d + 27. Give o(7).
-50
Let g(w) = 29*w + 30. Determine g(-6).
-144
Let f(a) = -15*a - 19. Calculate f(16).
-259
Let g(x) = x**3 - 10*x**2 - 22*x + 310. What is g(8)?
6
Let i(b) = -b**3 - 54*b**2 - 530*b + 10. Calculate i(-13).
-29
Let h(w) = 31*w + 3869. Determine h(-125).
-6
Let n(c) = c**3 - 11*c**2 + 1. Calculate n(0).
1
Let i(v) = 105*v - 1138. Give i(10).
-88
Let d(m) = 11*m**2 + 43*m + 9. Determine d(-4).
13
Let p(u) = u**3 + 10*u**2 + 24*u - 3. Give p(-5).
2
Let a(s) = s**3 + 12*s**2 - 3*s - 103. Give a(-11).
51
Let g(b) = -17*b**2 - 3372*b - 1226. Give g(-198).
-38
Let x(k) = 11*k - 7. Determine x(0).
-7
Let h(p) = 6*p**3 - p**2 + 32*p - 31. What is h(1)?
6
Let t(b) = b**2 - b - 91. Determine t(10).
-1
Let d(p) = -2*p**3 - 27*p**2 + 10*p - 41. Give d(-14).
15
Let z(r) = 2*r**3 + 14*r**2 + 3*r + 153. Give z(-8).
1
Let n(d) = -d**3 - 14*d**2 + 14*d + 231. Determine n(-4).
15
Let n(s) = -s**3 + 42*s**2 + 305*s + 92. Calculate n(-6).
-10
Let x(z) = 462*z - 1052. What is x(3)?
334
Let d(i) = 3533*i - 77721. What is d(22)?
5
Let v(n) = 2*n**2 - 94*n + 518. Determine v(41).
26
Let h(k) = k**3 - 37*k**2 - 